digit of 2024?
0
What is the ten thousands digit of 12701?
1
What is the thousands digit of 1657?
1
What is the units digit of 655?
5
What is the hundreds digit of 4744?
7
What is the thousands digit of 34594?
4
What is the thousands digit of 7907?
7
What is the thousands digit of 7641?
7
What is the hundreds digit of 4035?
0
What is the units digit of 2958?
8
What is the tens digit of 11322?
2
What is the units digit of 2153?
3
What is the units digit of 3118?
8
What is the units digit of 2190?
0
What is the thousands digit of 59399?
9
What is the ten thousands digit of 13746?
1
What is the hundreds digit of 2683?
6
What is the hundreds digit of 2955?
9
What is the ten thousands digit of 11151?
1
What is the tens digit of 520?
2
What is the thousands digit of 59948?
9
What is the units digit of 574?
4
What is the ten thousands digit of 120671?
2
What is the hundreds digit of 1212?
2
What is the thousands digit of 1391?
1
What is the hundreds digit of 2261?
2
What is the thousands digit of 8524?
8
What is the tens digit of 18718?
1
What is the units digit of 2652?
2
What is the hundreds digit of 11531?
5
What is the thousands digit of 71559?
1
What is the tens digit of 72453?
5
What is the units digit of 10418?
8
What is the thousands digit of 12546?
2
What is the units digit of 6?
6
What is the thousands digit of 4067?
4
What is the units digit of 5862?
2
What is the units digit of 18039?
9
What is the hundreds digit of 9692?
6
What is the ten thousands digit of 93793?
9
What is the hundreds digit of 8190?
1
What is the units digit of 1410?
0
What is the tens digit of 1816?
1
What is the thousands digit of 25518?
5
What is the units digit of 4184?
4
What is the units digit of 8619?
9
What is the units digit of 1837?
7
What is the hundreds digit of 693?
6
What is the tens digit of 43444?
4
What is the tens digit of 210?
1
What is the tens digit of 2939?
3
What is the thousands digit of 40417?
0
What is the thousands digit of 39850?
9
What is the ten thousands digit of 89764?
8
What is the tens digit of 2428?
2
What is the hundreds digit of 21608?
6
What is the tens digit of 3794?
9
What is the ten thousands digit of 99071?
9
What is the tens digit of 408?
0
What is the tens digit of 5541?
4
What is the ten thousands digit of 14960?
1
What is the units digit of 2332?
2
What is the tens digit of 1041?
4
What is the tens digit of 26635?
3
What is the thousands digit of 12698?
2
What is the units digit of 721?
1
What is the hundreds digit of 1588?
5
What is the hundreds digit of 43318?
3
What is the units digit of 16526?
6
What is the units digit of 53834?
4
What is the hundred thousands digit of 105046?
1
What is the hundreds digit of 110190?
1
What is the tens digit of 425?
2
What is the units digit of 7005?
5
What is the hundreds digit of 42580?
5
What is the hundreds digit of 473?
4
What is the hundreds digit of 284?
2
What is the ten thousands digit of 30920?
3
What is the tens digit of 2335?
3
What is the hundreds digit of 2650?
6
What is the ten thousands digit of 17533?
1
What is the hundreds digit of 21946?
9
What is the hundreds digit of 1832?
8
What is the units digit of 18295?
5
What is the thousands digit of 2397?
2
What is the tens digit of 6574?
7
What is the thousands digit of 2879?
2
What is the tens digit of 4344?
4
What is the units digit of 9208?
8
What is the thousands digit of 23716?
3
What is the units digit of 120283?
3
What is the tens digit of 1056?
5
What is the thousands digit of 38530?
8
What is the tens digit of 667?
6
What is the units digit of 147843?
3
What is the tens digit of 559?
5
What is the thousands digit of 1995?
1
What is the tens digit of 594?
9
What is the units digit of 72745?
5
What is the units digit of 1190?
0
What is the hundreds digit of 374?
3
What is the units digit of 1230?
0
What is the units digit of 45485?
5
What is the hundreds digit of 1032?
0
What is the thousands digit of 10457?
0
What is the thousands digit of 1886?
1
What is the tens digit of 16931?
3
What is the thousands digit of 7346?
7
What is the hundreds digit of 13124?
1
What is the hundreds digit of 4947?
9
What is the hundreds digit of 79283?
2
What is the hundreds digit of 124446?
4
What is the hundreds digit of 4262?
2
What is the hundreds digit of 115749?
7
What is the hundreds digit of 1338?
3
What is the thousands digit of 3165?
3
What is the hundreds digit of 1969?
9
What is the units digit of 1228?
8
What is the hundreds digit of 2016?
0
What is the hundreds digit of 72063?
0
What is the units digit of 941?
1
What is the thousands digit of 1009?
1
What is the hundreds digit of 394?
3
What is the thousands digit of 24745?
4
What is the hundreds digit of 3081?
0
What is the hundreds digit of 70009?
0
What is the hundreds digit of 102761?
7
What is the hundreds digit of 1247?
2
What is the thousands digit of 68591?
8
What is the ten thousands digit of 21544?
2
What is the hundreds digit of 339?
3
What is the tens digit of 34166?
6
What is the tens digit of 163552?
5
What is the hundreds digit of 1604?
6
What is the tens digit of 12128?
2
What is the tens digit of 601?
0
What is the units digit of 59085?
5
What is the ten thousands digit of 44797?
4
What is the thousands digit of 2767?
2
What is the units digit of 4069?
9
What is the tens digit of 31096?
9
What is the hundreds digit of 17511?
5
What is the thousands digit of 7363?
7
What is the hundreds digit of 1157?
1
What is the hundreds digit of 2625?
6
What is the units digit of 21795?
5
What is the hundreds digit of 1610?
6
What is the thousands digit of 2283?
2
What is the tens digit of 60552?
5
What is the units digit of 88909?
9
What is the thousands digit of 2135?
2
What is the units digit of 18163?
3
What is the thousands digit of 13531?
3
What is the thousands digit of 2901?
2
What is the hundreds digit of 5316?
3
What is the hundreds digit of 1415?
4
What is the units digit of 2074?
4
What is the thousands digit of 33295?
3
What is the hundreds digit of 6814?
8
What is the ten thousands digit of 26804?
2
What is the thousands digit of 46296?
6
What is the tens digit of 1461?
6
What is the units digit of 22364?
4
What is the tens digit of 16190?
9
What is the hundreds digit of 30741?
7
What is the thousands digit of 2853?
2
What is the units digit of 353?
3
What is the tens digit of 98916?
1
What is the tens digit of 786?
8
What is the tens digit of 2542?
4
What is the hundreds digit of 512?
5
What is the tens digit of 6663?
6
What is the ten thousands digit of 43489?
4
What is the tens digit of 2474?
7
What is the ten thousands digit of 109255?
0
What is the tens digit of 1241?
4
What is the tens digit of 904?
0
What is the units digit of 61725?
5
What is the ten thousands digit of 51583?
5
What is the tens digit of 27263?
6
What is the hundreds digit of 14614?
6
What is the thousands digit of 2024?
2
What is the units digit of 43266?
6
What is the units digit of 28850?
0
What is the tens digit of 2512?
1
What is the ten thousands digit of 15468?
1
What is the thousands digit of 43486?
3
What is the hundreds digit of 2926?
9
What is the hundreds digit of 883?
8
What is the units digit of 12520?
0
What is the hundreds digit of 36855?
8
What is the thousands digit of 130214?
0
What is the ten thousands digit of 64075?
6
What is the hundreds digit of 846?
8
What is the hundreds digit of 3313?
3
What is the ten thousands digit of 44717?
4
What is the hundreds digit of 64446?
4
What is the tens digit of 1095?
9
What is the units digit of 25298?
8
What is the tens digit of 3254?
5
What is the hundreds digit of 37445?
4
What is the hundreds digit of 13973?
9
What is the ten thousands digit of 25748?
2
What is the hundreds digit of 561?
5
What is the ten thousands digit of 72980?
7
What is the thousands digit of 1743?
1
What is the tens digit of 18503?
0
What is the tens digit of 3550?
5
What is the hundreds digit of 7007?
0
What is the tens digit of 18070?
7
What is the tens digit of 12328?
2
What is the units digit of 6323?
3
What is the units digit of 521?
1
What is the thousands digit of 4544?
4
What is the units digit of 419?
9
What is the hundreds digit of 45915?
9
What is the hundreds digit of 1887?
8
What is the thousands digit of 1932?
1
What is the hundre